eatest common divisor of p and 165?
15
Let t = -71 - -338. What is the highest common factor of 1157 and t?
89
Let a(s) = s**3 + s**2 - 165*s - 605. Let v be a(-4). Calculate the highest common factor of v and 9380.
7
Let m be (1 - 0)*-1 - -18. Let o(i) = -2*i**2 + 709*i - 47242. Let y be o(89). Calculate the greatest common divisor of m and y.
17
Suppose 0 = 2606*b - 2601*b - 1020. What is the greatest common divisor of 2720 and b?
68
Suppose 9*n = 6*n + 78. Suppose -3*c + 2*k = n, -3*k + 2 = -4*k. Let q(o) = -2*o - 14. Let v be q(c). What is the greatest common divisor of 6 and v?
6
Suppose 6*v + 6*v = -11*v + 4370. What is the highest common factor of v and 320?
10
Let r be 15*(-8)/(-24) + 97. Suppose 0 = 11*o - 14*o + r. Calculate the greatest common divisor of 986 and o.
34
Suppose 1 = 10*d - 39. Suppose 0 = 4*x - d*b + 14000, -3*x - b = 2*b + 10524. Let n be (-2)/(-11) + (-8 - x/88). What is the greatest common divisor of 4 and n?
4
Suppose -26*h + 6*h + 111*h = 163527. What is the greatest common factor of 3 and h?
3
Suppose -13 = 8*n - 29. Let g(u) = u**2 + u - 3. Let o be g(-3). Calculate the greatest common divisor of o and n.
1
Let r be 6*(22/4)/11. Suppose 1405 = 5*n + 5*h, -841 + 3 = -r*n + 2*h. What is the greatest common factor of 35 and n?
35
Let j = 98 + 21. Let a be (j/(-28))/(1/(-8)). Suppose -123 = -6*r - 21. What is the greatest common factor of r and a?
17
Let s(q) = -q**2 + 29*q + 5. Let h be s(20). Let v = h - 175. What is the highest common divisor of v and 110?
10
Let o = -512 + 728. Suppose -o = -0*g - 3*g. Suppose 3*q + 3*v = g, 0 = -q + 4*v + v + 42. What is the greatest common factor of 18 and q?
9
Let z = -586 + 971. Let j be (-12)/36 - z/(-3). Let y be 16/(-20)*5 - -20. Calculate the greatest common factor of y and j.
16
Suppose 35*i + f - 128 = 30*i, 0 = 2*i + f - 50. Suppose -3*l + 33 + i = 4*c, 0 = -5*l + 5. Calculate the highest common divisor of c and 98.
14
Let g(k) = -6*k**3 - 2*k**2 - 2*k - 1. Let h be g(-1). Let x be (11 - -2) + (h - 1). Let n = -16 + x. Calculate the highest common divisor of 7 and n.
1
Let p(y) = -23*y**3 + 2*y**2 - 4*y - 3. Let s be p(2). Let w = 475 + s. Calculate the highest common divisor of w and 180.
36
Let d(v) = 2211*v + 15698. Let u be d(-7). Calculate the greatest common divisor of 2431 and u.
221
Let d = 51 + -97. Suppose -12*q + 11*q = 4*o - 138, q - 158 = o. Let y = q + d. What is the greatest common divisor of y and 12?
12
Let l be 0/(-8 + 7)*(-2 + 3). Suppose 0 = u - g - l*g - 27, -3*u + 4*g = -84. Calculate the highest common divisor of 112 and u.
8
Suppose 3*i - 4*n - 546 = -14, 3*i + 4*n = 548. Calculate the greatest common divisor of 7668 and i.
36
Suppose r + 96 - 927 = 3*j, -4*r - 5*j = -3205. What is the greatest common factor of r and 210?
30
Let a(x) = 17*x**2 - 2. Let o be a(-1). Let c = 5 - o. Let l be (12/5)/6 - 6/c. What is the highest common divisor of 4 and l?
1
Let c = 94 - 96. Let m(i) = -4*i + 19. Let k(d) = 15*d - 77. Let g(q) = c*k(q) - 9*m(q). Let x be g(9). What is the greatest common divisor of 185 and x?
37
Let j = 1238 - 1210. Calculate the greatest common factor of 296 and j.
4
Suppose 5*v = 789*c - 787*c - 256, 4*c = 3*v + 554. Suppose -3*n + 75 - 9 = 0. What is the highest common divisor of n and c?
11
Let f be (-962)/(-6) + 1/(-3). Suppose 4*h = 2*p + 56, -4*h - 5*p + 137 + 3 = 0. What is the highest common factor of f and h?
20
Let a be 43704/20 + ((-128)/(-10) - 13). Calculate the greatest common factor of a and 19.
19
Suppose -4*l + 828 = 7*l + 7*l. What is the greatest common divisor of l and 207?
23
Let w be (5 + 19)/(-4) - 27/(243/(-504)). What is the highest common divisor of w and 1840?
10
Let u be 6/(-8) + (-6032)/64. Let i = u + 106. Calculate the highest common divisor of i and 11.
11
Let d(g) = g**2 + 10*g - 20. Let t(x) = 11*x + 8. Suppose 3*y - 6 = 6*y. Let w be t(y). Let h be d(w). Calculate the greatest common divisor of 24 and h.
12
Let t = 1039 + 116. What is the highest common divisor of t and 3?
3
Suppose 384 = -5*o + 409. What is the greatest common factor of o and 1745?
5
Suppose -50 = -5*q + 2*p, 21 = -4*q + p + 64. Let l be (-673)/(-6) - 2/q. Suppose 4*s - 11*s + l = 0. Calculate the highest common factor of s and 128.
16
Suppose -2*u = 2*h - 14, -3*h + 31 = u + 3*u. Suppose -q = u + 8. Let b be q - -15 - (0 + -32). What is the highest common factor of 29 and b?
29
Suppose 7*q - 2*q = 469 - 124. What is the highest common factor of q and 3?
3
Let p(u) = -u**3 + 6*u**2 - 4*u + 30. Suppose 37*c = 201 - 16. Let b be p(c). Calculate the greatest common divisor of b and 665.
35
Let g be 28/(-3*16/(-36)). Let w be (101 - -1)/(g/42). What is the highest common factor of 12 and w?
12
Suppose -90 = -9*h + 3*m, 0 = 15*m - 19*m. Calculate the highest common divisor of h and 25430.
10
Suppose 5*c - 7*c = 2*f - 78, -161 = -4*f - 5*c. Suppose n - 3*s = 38, -7*s + 6*s + f = n. Calculate the greatest common factor of n and 35.
35
Suppose 2*d - 105 = -5*r + 4*r, 49 = d - 3*r. Let k be 21*(-1 + d/28). Calculate the highest common factor of 234 and k.
18
Let b be 2 - -2 - 144*(-24)/16. Calculate the greatest common divisor of b and 2816.
44
Let y be (5 - (-35)/(-10)) + 3/2. Let w be (y/5)/(2/90) - 0. Let c = 21 - 3. Calculate the highest common divisor of w and c.
9
Let u be (13950/300)/((-1)/(-2)). What is the greatest common divisor of u and 16647?
93
Suppose 4*z - z = 0. Suppose 5*k + 143 - 533 = z. Let p = k + -36. Calculate the highest common divisor of p and 28.
14
Let o(s) = 4*s**2 + 38*s + 117. Let i be o(-7). Calculate the highest common divisor of 47 and i.
47
Let a = 3068 + -3046. Let d(p) = -p**2 + 3*p - 2. Let u be d(5). Let i be (-2)/(-8) - 789/u. What is the highest common divisor of a and i?
22
Let f(q) = -q**3 - 2*q**2 - q + 2879. Let g be f(0). Let w be (-1)/(-4) + g/4. Calculate the greatest common divisor of 18 and w.
18
Let r = -459 - -1248. Let g = r + -405. What is the highest common divisor of g and 6?
6
Let s be ((-2 - 6)/(-8))/1. Let x(f) = 243*f**3 + 4*f**2 - 2*f. Let v be x(s). What is the greatest common factor of 35 and v?
35
Let q(b) = -b + 17. Let i be q(5). Suppose 430 + 74 = 14*h. What is the greatest common divisor of h and i?
12
Let p(l) = -3*l**3 + l**2. Let o be p(-1). Suppose 0 = -4*b + r + 76, 5*b = -o*r + 8*r + 84. Calculate the highest common factor of 4 and b.
4
Suppose l - 3*l + 8 = 0, -3*l - 30 = -2*w. Let f = -2767 + 2998. What is the highest common divisor of w and f?
21
Let c be 478/8 + (-6)/(-24). Let n = 1396 + -1376. Calculate the highest common divisor of n and c.
20
Let m be 65/(-1) - (2 - 5). Let s = m + 89. Let w(p) = -2*p**2 - 24*p - 19. Let h be w(-11). What is the highest common factor of h and s?
3
Suppose 0 = -6*m + 18416 - 17426. Calculate the greatest common factor of 2211 and m.
33
Let x = 13 - 10. Let g be 345*x/6*2. Suppose 3*w + 4*m = 396, 0 = -5*w + 3*m + g + 315. What is the highest common divisor of w and 12?
12
Let j(z) = 7*z**2 - 6. Let b be j(2). Suppose -b*v + 24*v = 6. Suppose -4*r + o = -8, -3*r + 2 + v = -o. Calculate the greatest common factor of r and 4.
1
Let g = -2650 - -2864. Calculate the highest common divisor of 3317 and g.
107
Suppose -167 = -2*d + 153. Suppose 3*t = 3*l - 66, 0 = -2*l + 6*t + 84 - 48. Calculate the highest common divisor of d and l.
8
Let y be 12/(-3) + (0 - 0). Suppose -5*n + 20 = 0, 0 = 4*t - 8*n + 3*n + 56. Let b be (t/1)/(2/y). What is the greatest common divisor of b and 54?
18
Suppose 42 = -4*a + 2. Let f = 14 + a. Let s be -2 + (2*-2)/f + 7. Calculate the highest common factor of s and 4.
4
Let n be ((-36)/8)/((-45)/30). Suppose 0*t - 693 = -3*t. Suppose 3*a - c - 216 = -49, t = 4*a - n*c. What is the highest common factor of 6 and a?
6
Suppose -6*v = -3*v - 12. Suppose v*n = 0, -3*q + 2*n + 210 = -138. Calculate the greatest common divisor of 87 and q.
29
Suppose -341*z + 347*z = 0. Suppose z = -p - 60 + 106. Calculate the highest common divisor of p and 69.
23
Let u = -19 - -168. Let h = u - 98. Let s = h + -41. Calculate the greatest common divisor of 80 and s.
10
Suppose 0 = -2*b + 25*b + 9*b - 11520. Calculate the highest common divisor of 64 and b.
8
Suppose 228 = 21*j - 108. Suppose 0 = 19*b - j*b + 27. Let x = 49 + 